{"id":62,"date":"2017-04-06T18:42:19","date_gmt":"2017-04-06T16:42:19","guid":{"rendered":"http:\/\/circus-europa.de\/?page_id=62"},"modified":"2024-10-25T10:22:55","modified_gmt":"2024-10-25T08:22:55","slug":"presse","status":"publish","type":"page","link":"https:\/\/schweinfurter-weihnachtscircus.de\/index.php\/presse\/","title":{"rendered":"Presse"},"content":{"rendered":"<p style=\"text-align: center;\"><span style=\"color: #333333;\">Sehr geehrte Presse- und Medienvertreter,<\/span><\/p>\n<p style=\"text-align: center;\"><span style=\"color: #333333;\">im Folgenden finden Sie f\u00fcr Ihre Ver\u00f6ffentlichungen aktuelles Bildmaterial. Bei Berichterstattungen \u00fcber den Schweinfurter Weihnachtscircus d\u00fcrfen Sie dieses gerne verwenden.&nbsp;<\/span><\/p>\n<p style=\"text-align: center;\"><span style=\"color: #333333;\">Per Klick k\u00f6nnen Sie hier die einzelnen Fotos in druckf\u00e4higer Aufl\u00f6sung herunterladen.<\/span><\/p>\n<div id='gallery-1' class='gallery galleryid-62 gallery-columns-5 gallery-size-medium'><figure class='gallery-item'>\n\t\t\t<div class='gallery-icon landscape'>\n\t\t\t\t<a href='https:\/\/schweinfurter-weihnachtscircus.de\/wp-content\/uploads\/2024\/10\/Navas-Team-Todesrad.jpeg'><img width=\"300\" height=\"174\" src=\"https:\/\/schweinfurter-weihnachtscircus.de\/wp-content\/uploads\/2024\/10\/Navas-Team-Todesrad-300x174.jpeg\" class=\"attachment-medium size-medium\" alt=\"\" loading=\"lazy\" srcset=\"https:\/\/schweinfurter-weihnachtscircus.de\/wp-content\/uploads\/2024\/10\/Navas-Team-Todesrad-300x174.jpeg 300w, https:\/\/schweinfurter-weihnachtscircus.de\/wp-content\/uploads\/2024\/10\/Navas-Team-Todesrad-1024x596.jpeg 1024w, https:\/\/schweinfurter-weihnachtscircus.de\/wp-content\/uploads\/2024\/10\/Navas-Team-Todesrad-768x447.jpeg 768w, https:\/\/schweinfurter-weihnachtscircus.de\/wp-content\/uploads\/2024\/10\/Navas-Team-Todesrad-1536x893.jpeg 1536w, https:\/\/schweinfurter-weihnachtscircus.de\/wp-content\/uploads\/2024\/10\/Navas-Team-Todesrad-2048x1191.jpeg 2048w\" sizes=\"(max-width: 300px) 100vw, 300px\" \/><\/a>\n\t\t\t<\/div><\/figure><figure class='gallery-item'>\n\t\t\t<div class='gallery-icon portrait'>\n\t\t\t\t<a href='https:\/\/schweinfurter-weihnachtscircus.de\/wp-content\/uploads\/2024\/10\/Clown-Mosquito-scaled.jpg'><img width=\"200\" height=\"300\" src=\"https:\/\/schweinfurter-weihnachtscircus.de\/wp-content\/uploads\/2024\/10\/Clown-Mosquito-200x300.jpg\" class=\"attachment-medium size-medium\" alt=\"\" loading=\"lazy\" srcset=\"https:\/\/schweinfurter-weihnachtscircus.de\/wp-content\/uploads\/2024\/10\/Clown-Mosquito-200x300.jpg 200w, https:\/\/schweinfurter-weihnachtscircus.de\/wp-content\/uploads\/2024\/10\/Clown-Mosquito-683x1024.jpg 683w, https:\/\/schweinfurter-weihnachtscircus.de\/wp-content\/uploads\/2024\/10\/Clown-Mosquito-768x1152.jpg 768w, https:\/\/schweinfurter-weihnachtscircus.de\/wp-content\/uploads\/2024\/10\/Clown-Mosquito-1024x1536.jpg 1024w, https:\/\/schweinfurter-weihnachtscircus.de\/wp-content\/uploads\/2024\/10\/Clown-Mosquito-1365x2048.jpg 1365w, https:\/\/schweinfurter-weihnachtscircus.de\/wp-content\/uploads\/2024\/10\/Clown-Mosquito-scaled.jpg 1707w\" sizes=\"(max-width: 200px) 100vw, 200px\" \/><\/a>\n\t\t\t<\/div><\/figure><figure class='gallery-item'>\n\t\t\t<div class='gallery-icon landscape'>\n\t\t\t\t<a href='https:\/\/schweinfurter-weihnachtscircus.de\/wp-content\/uploads\/2024\/10\/Nadiia.jpg'><img width=\"300\" height=\"200\" src=\"https:\/\/schweinfurter-weihnachtscircus.de\/wp-content\/uploads\/2024\/10\/Nadiia-300x200.jpg\" class=\"attachment-medium size-medium\" alt=\"\" loading=\"lazy\" srcset=\"https:\/\/schweinfurter-weihnachtscircus.de\/wp-content\/uploads\/2024\/10\/Nadiia-300x200.jpg 300w, https:\/\/schweinfurter-weihnachtscircus.de\/wp-content\/uploads\/2024\/10\/Nadiia-1024x682.jpg 1024w, https:\/\/schweinfurter-weihnachtscircus.de\/wp-content\/uploads\/2024\/10\/Nadiia-768x511.jpg 768w, https:\/\/schweinfurter-weihnachtscircus.de\/wp-content\/uploads\/2024\/10\/Nadiia-1536x1022.jpg 1536w, https:\/\/schweinfurter-weihnachtscircus.de\/wp-content\/uploads\/2024\/10\/Nadiia-450x300.jpg 450w, https:\/\/schweinfurter-weihnachtscircus.de\/wp-content\/uploads\/2024\/10\/Nadiia.jpg 2048w\" sizes=\"(max-width: 300px) 100vw, 300px\" \/><\/a>\n\t\t\t<\/div><\/figure><figure class='gallery-item'>\n\t\t\t<div class='gallery-icon landscape'>\n\t\t\t\t<a href='https:\/\/schweinfurter-weihnachtscircus.de\/wp-content\/uploads\/2024\/10\/HulaHoop.jpg'><img width=\"300\" height=\"200\" src=\"https:\/\/schweinfurter-weihnachtscircus.de\/wp-content\/uploads\/2024\/10\/HulaHoop-300x200.jpg\" class=\"attachment-medium size-medium\" alt=\"\" loading=\"lazy\" srcset=\"https:\/\/schweinfurter-weihnachtscircus.de\/wp-content\/uploads\/2024\/10\/HulaHoop-300x200.jpg 300w, https:\/\/schweinfurter-weihnachtscircus.de\/wp-content\/uploads\/2024\/10\/HulaHoop-1024x683.jpg 1024w, https:\/\/schweinfurter-weihnachtscircus.de\/wp-content\/uploads\/2024\/10\/HulaHoop-768x512.jpg 768w, https:\/\/schweinfurter-weihnachtscircus.de\/wp-content\/uploads\/2024\/10\/HulaHoop-1536x1024.jpg 1536w, https:\/\/schweinfurter-weihnachtscircus.de\/wp-content\/uploads\/2024\/10\/HulaHoop-450x300.jpg 450w, https:\/\/schweinfurter-weihnachtscircus.de\/wp-content\/uploads\/2024\/10\/HulaHoop.jpg 2048w\" sizes=\"(max-width: 300px) 100vw, 300px\" \/><\/a>\n\t\t\t<\/div><\/figure><figure class='gallery-item'>\n\t\t\t<div class='gallery-icon landscape'>\n\t\t\t\t<a href='https:\/\/schweinfurter-weihnachtscircus.de\/wp-content\/uploads\/2024\/10\/Podzi-Sisters.jpg'><img width=\"300\" height=\"200\" src=\"https:\/\/schweinfurter-weihnachtscircus.de\/wp-content\/uploads\/2024\/10\/Podzi-Sisters-300x200.jpg\" class=\"attachment-medium size-medium\" alt=\"\" loading=\"lazy\" srcset=\"https:\/\/schweinfurter-weihnachtscircus.de\/wp-content\/uploads\/2024\/10\/Podzi-Sisters-300x200.jpg 300w, https:\/\/schweinfurter-weihnachtscircus.de\/wp-content\/uploads\/2024\/10\/Podzi-Sisters-1024x682.jpg 1024w, https:\/\/schweinfurter-weihnachtscircus.de\/wp-content\/uploads\/2024\/10\/Podzi-Sisters-768x511.jpg 768w, https:\/\/schweinfurter-weihnachtscircus.de\/wp-content\/uploads\/2024\/10\/Podzi-Sisters-1536x1022.jpg 1536w, https:\/\/schweinfurter-weihnachtscircus.de\/wp-content\/uploads\/2024\/10\/Podzi-Sisters-450x300.jpg 450w, https:\/\/schweinfurter-weihnachtscircus.de\/wp-content\/uploads\/2024\/10\/Podzi-Sisters.jpg 2048w\" sizes=\"(max-width: 300px) 100vw, 300px\" \/><\/a>\n\t\t\t<\/div><\/figure>\n\t\t<\/div>\n\n<p style=\"text-align: center;\"><span style=\"color: #333333;\">F\u00fcr weitere Ausk\u00fcnfte, sowie bei Interesse an Verlosungen, Interviews oder PR-Aktionen stehen wir Ihnen gerne zur Verf\u00fcgung.<\/span><\/p>\n<p style=\"text-align: center;\"><span style=\"color: #333333;\">Telefon: 0163 \/ 7956731<br \/>\n<\/span><\/p>\n<p style=\"text-align: center;\"><span style=\"color: #333333;\">E-Mail: info@schweinfurter-weihnachtscircus.de<\/span><\/p>\n","protected":false},"excerpt":{"rendered":"<p>Sehr geehrte Presse- und Medienvertreter, im Folgenden finden Sie f\u00fcr Ihre Ver\u00f6ffentlichungen aktuelles Bildmaterial. Bei Berichterstattungen \u00fcber den Schweinfurter Weihnachtscircus d\u00fcrfen Sie dieses gerne verwenden.&nbsp; Per Klick k\u00f6nnen Sie hier die einzelnen Fotos in druckf\u00e4higer Aufl\u00f6sung herunterladen. F\u00fcr weitere Ausk\u00fcnfte,<a class=\"more-link\" href=\"https:\/\/schweinfurter-weihnachtscircus.de\/index.php\/presse\/\" title=\"Presse\"><span>Mehr lesen<\/span><\/a><\/p>\n","protected":false},"author":2,"featured_media":0,"parent":0,"menu_order":50,"comment_status":"closed","ping_status":"closed","template":"","meta":{"ngg_post_thumbnail":0},"_links":{"self":[{"href":"https:\/\/schweinfurter-weihnachtscircus.de\/index.php\/wp-json\/wp\/v2\/pages\/62"}],"collection":[{"href":"https:\/\/schweinfurter-weihnachtscircus.de\/index.php\/wp-json\/wp\/v2\/pages"}],"about":[{"href":"https:\/\/schweinfurter-weihnachtscircus.de\/index.php\/wp-json\/wp\/v2\/types\/page"}],"author":[{"embeddable":true,"href":"https:\/\/schweinfurter-weihnachtscircus.de\/index.php\/wp-json\/wp\/v2\/users\/2"}],"replies":[{"embeddable":true,"href":"https:\/\/schweinfurter-weihnachtscircus.de\/index.php\/wp-json\/wp\/v2\/comments?post=62"}],"version-history":[{"count":17,"href":"https:\/\/schweinfurter-weihnachtscircus.de\/index.php\/wp-json\/wp\/v2\/pages\/62\/revisions"}],"predecessor-version":[{"id":927,"href":"https:\/\/schweinfurter-weihnachtscircus.de\/index.php\/wp-json\/wp\/v2\/pages\/62\/revisions\/927"}],"wp:attachment":[{"href":"https:\/\/schweinfurter-weihnachtscircus.de\/index.php\/wp-json\/wp\/v2\/media?parent=62"}],"curies":[{"name":"wp","href":"https:\/\/api.w.org\/{rel}","templated":true}]}}