{"id":54,"date":"2017-09-25T21:35:32","date_gmt":"2017-09-25T19:35:32","guid":{"rendered":"http:\/\/circus-europa.de\/?page_id=54"},"modified":"2025-12-05T10:25:50","modified_gmt":"2025-12-05T09:25:50","slug":"programm","status":"publish","type":"page","link":"https:\/\/schweinfurter-weihnachtscircus.de\/index.php\/programm\/","title":{"rendered":"Programm"},"content":{"rendered":"<p style=\"padding-left: 30px;\">\n\t\t<!-- MasterSlider -->\n\t\t<div id=\"P_MS69fb3497481b4\" class=\"master-slider-parent msl ms-parent-id-6\" style=\"max-width:1500px;\">\n\n\t\t\t\n\t\t\t<!-- MasterSlider Main -->\n\t\t\t<div id=\"MS69fb3497481b4\" class=\"master-slider ms-skin-default\" >\n\t\t\t\t \t\t\t\t \n\t\t\t\t<div  class=\"ms-slide\" data-delay=\"120\" data-fill-mode=\"fill\"  >\n\t\t\t\t\t<img src=\"https:\/\/schweinfurter-weihnachtscircus.de\/wp-content\/plugins\/master-slider\/public\/assets\/css\/blank.gif\" alt=\"\" title=\"\" data-src=\"https:\/\/schweinfurter-weihnachtscircus.de\/wp-content\/uploads\/2025\/11\/BannerWeb2025-1.jpg\" \/>\n\n\n\t<div class=\"ms-thumb\" ><div class=\"ms-tab-context\"><div class=&quot;ms-tab-context&quot;><\/div><\/div>\n<\/div>\n\t\t\t\t<\/div>\n\n\t\t\t<\/div>\n\t\t\t<!-- END MasterSlider Main -->\n\n\t\t\t \n\t\t<\/div>\n\t\t<!-- END MasterSlider -->\n\n\t\t<script>\n\t\t(function ( $ ) {\n\t\t\t\"use strict\";\n\n\t\t\t$(function () {\n\t\t\t\tvar masterslider_81b4 = new MasterSlider();\n\n\t\t\t\t\/\/ slider controls\n\n\t\t\t\t\/\/ slider setup\n\t\t\t\tmasterslider_81b4.setup(\"MS69fb3497481b4\", {\n\t\t\t\t\t\twidth           : 1500,\n\t\t\t\t\t\theight          : 400,\n\t\t\t\t\t\tminHeight       : 0,\n\t\t\t\t\t\tspace           : 0,\n\t\t\t\t\t\tstart           : 1,\n\t\t\t\t\t\tgrabCursor      : true,\n\t\t\t\t\t\tswipe           : true,\n\t\t\t\t\t\tmouse           : true,\n\t\t\t\t\t\tlayout          : \"boxed\",\n\t\t\t\t\t\twheel           : false,\n\t\t\t\t\t\tautoplay        : true,\n\t\t\t\t\t\tinstantStartLayers:false,\n\t\t\t\t\t\tloop            : true,\n\t\t\t\t\t\tshuffle         : false,\n\t\t\t\t\t\tpreload         : 0,\n\t\t\t\t\t\theightLimit     : true,\n\t\t\t\t\t\tautoHeight      : false,\n\t\t\t\t\t\tsmoothHeight    : true,\n\t\t\t\t\t\tendPause        : false,\n\t\t\t\t\t\toverPause       : false,\n\t\t\t\t\t\tfillMode        : \"fill\",\n\t\t\t\t\t\tcenterControls  : true,\n\t\t\t\t\t\tstartOnAppear   : false,\n\t\t\t\t\t\tlayersMode      : \"center\",\n\t\t\t\t\t\thideLayers      : false,\n\t\t\t\t\t\tfullscreenMargin: 0,\n\t\t\t\t\t\tspeed           : 30,\n\t\t\t\t\t\tdir             : \"h\",\n\t\t\t\t\t\tparallaxMode    : 'swipe',\n\t\t\t\t\t\tview            : \"fade\"\n\t\t\t\t});\n\n\t\t\t\t\n\t\t\t\twindow.masterslider_instances = window.masterslider_instances || [];\n\t\t\t\twindow.masterslider_instances.push( masterslider_81b4 );\n\t\t\t });\n\n\t\t})(jQuery);\n\t\t<\/script>\n\n<\/p>\n<hr>\n<h3 style=\"text-align: center;\"><span style=\"color: #000000;\"><em>Erleben Sie unsere neue Show MAGIC MOMENTS!<\/em><\/span><\/h3>\n<p style=\"text-align: center;\"><span style=\"color: #000000;\">\u00dcber 20 Weltklasse-Artisten, vereint in einer spektakul\u00e4ren Show mit Live-Gesang und Showdancers.<\/span><\/p>\n<!-- index.php -->\n<div\n\tclass=\"ngg-galleryoverview ngg-ajax-pagination-none\"\n\tid=\"ngg-gallery-3d729f9b0131bb072c89f0ec6162cba7-1\">\n\n    \t<div class=\"slideshowlink\">\n        <a href='https:\/\/schweinfurter-weihnachtscircus.de\/index.php\/programm\/nggallery\/slideshow'>[Zeige eine Slideshow]<\/a>\n\t\t\n\t<\/div>\n\t\t\t<!-- Thumbnails -->\n\t\t\t\t<div id=\"ngg-image-0\" class=\"ngg-gallery-thumbnail-box\" >\n\t\t\t\t        <div class=\"ngg-gallery-thumbnail\">\n            <a href=\"https:\/\/schweinfurter-weihnachtscircus.de\/wp-content\/gallery\/programm2024-1\/Ayat.JPG\"\n               title=\"\"\n               data-src=\"https:\/\/schweinfurter-weihnachtscircus.de\/wp-content\/gallery\/programm2024-1\/Ayat.JPG\"\n               data-thumbnail=\"https:\/\/schweinfurter-weihnachtscircus.de\/wp-content\/gallery\/programm2024-1\/thumbs\/thumbs_Ayat.JPG\"\n               data-image-id=\"82\"\n               data-title=\"Ayat\"\n               data-description=\"\"\n               data-image-slug=\"ayat\"\n               class=\"ngg-fancybox\" rel=\"3d729f9b0131bb072c89f0ec6162cba7\">\n                <img\n                    title=\"Ayat\"\n                    alt=\"Ayat\"\n                    src=\"https:\/\/schweinfurter-weihnachtscircus.de\/wp-content\/gallery\/programm2024-1\/thumbs\/thumbs_Ayat.JPG\"\n                    width=\"160\"\n                    height=\"160\"\n                    style=\"max-width:100%;\"\n                \/>\n            <\/a>\n        <\/div>\n\t\t\t\t\t\t\t<\/div> \n\t\t\t\n        \n\t\t\t\t<div id=\"ngg-image-1\" class=\"ngg-gallery-thumbnail-box\" >\n\t\t\t\t        <div class=\"ngg-gallery-thumbnail\">\n            <a href=\"https:\/\/schweinfurter-weihnachtscircus.de\/wp-content\/gallery\/programm2024-1\/Julia.JPG\"\n               title=\"\"\n               data-src=\"https:\/\/schweinfurter-weihnachtscircus.de\/wp-content\/gallery\/programm2024-1\/Julia.JPG\"\n               data-thumbnail=\"https:\/\/schweinfurter-weihnachtscircus.de\/wp-content\/gallery\/programm2024-1\/thumbs\/thumbs_Julia.JPG\"\n               data-image-id=\"85\"\n               data-title=\"Julia\"\n               data-description=\"\"\n               data-image-slug=\"julia\"\n               class=\"ngg-fancybox\" rel=\"3d729f9b0131bb072c89f0ec6162cba7\">\n                <img\n                    title=\"Julia\"\n                    alt=\"Julia\"\n                    src=\"https:\/\/schweinfurter-weihnachtscircus.de\/wp-content\/gallery\/programm2024-1\/thumbs\/thumbs_Julia.JPG\"\n                    width=\"160\"\n                    height=\"160\"\n                    style=\"max-width:100%;\"\n                \/>\n            <\/a>\n        <\/div>\n\t\t\t\t\t\t\t<\/div> \n\t\t\t\n        \n\t\t\t\t<div id=\"ngg-image-2\" class=\"ngg-gallery-thumbnail-box\" >\n\t\t\t\t        <div class=\"ngg-gallery-thumbnail\">\n            <a href=\"https:\/\/schweinfurter-weihnachtscircus.de\/wp-content\/gallery\/programm2024-1\/Fabrizio.JPG\"\n               title=\"\"\n               data-src=\"https:\/\/schweinfurter-weihnachtscircus.de\/wp-content\/gallery\/programm2024-1\/Fabrizio.JPG\"\n               data-thumbnail=\"https:\/\/schweinfurter-weihnachtscircus.de\/wp-content\/gallery\/programm2024-1\/thumbs\/thumbs_Fabrizio.JPG\"\n               data-image-id=\"84\"\n               data-title=\"Fabrizio\"\n               data-description=\"\"\n               data-image-slug=\"fabrizio\"\n               class=\"ngg-fancybox\" rel=\"3d729f9b0131bb072c89f0ec6162cba7\">\n                <img\n                    title=\"Fabrizio\"\n                    alt=\"Fabrizio\"\n                    src=\"https:\/\/schweinfurter-weihnachtscircus.de\/wp-content\/gallery\/programm2024-1\/thumbs\/thumbs_Fabrizio.JPG\"\n                    width=\"160\"\n                    height=\"160\"\n                    style=\"max-width:100%;\"\n                \/>\n            <\/a>\n        <\/div>\n\t\t\t\t\t\t\t<\/div> \n\t\t\t\n        \n\t\t\t\t<div id=\"ngg-image-3\" class=\"ngg-gallery-thumbnail-box\" >\n\t\t\t\t        <div class=\"ngg-gallery-thumbnail\">\n            <a href=\"https:\/\/schweinfurter-weihnachtscircus.de\/wp-content\/gallery\/programm2024-1\/Duo-Strength.JPG\"\n               title=\"\"\n               data-src=\"https:\/\/schweinfurter-weihnachtscircus.de\/wp-content\/gallery\/programm2024-1\/Duo-Strength.JPG\"\n               data-thumbnail=\"https:\/\/schweinfurter-weihnachtscircus.de\/wp-content\/gallery\/programm2024-1\/thumbs\/thumbs_Duo-Strength.JPG\"\n               data-image-id=\"83\"\n               data-title=\"Duo-Strength\"\n               data-description=\"\"\n               data-image-slug=\"duo-strength\"\n               class=\"ngg-fancybox\" rel=\"3d729f9b0131bb072c89f0ec6162cba7\">\n                <img\n                    title=\"Duo-Strength\"\n                    alt=\"Duo-Strength\"\n                    src=\"https:\/\/schweinfurter-weihnachtscircus.de\/wp-content\/gallery\/programm2024-1\/thumbs\/thumbs_Duo-Strength.JPG\"\n                    width=\"160\"\n                    height=\"160\"\n                    style=\"max-width:100%;\"\n                \/>\n            <\/a>\n        <\/div>\n\t\t\t\t\t\t\t<\/div> \n\t\t\t\n        \n\t\t\t\t<div id=\"ngg-image-4\" class=\"ngg-gallery-thumbnail-box\" >\n\t\t\t\t        <div class=\"ngg-gallery-thumbnail\">\n            <a href=\"https:\/\/schweinfurter-weihnachtscircus.de\/wp-content\/gallery\/programm2024-1\/Luigi.JPG\"\n               title=\"\"\n               data-src=\"https:\/\/schweinfurter-weihnachtscircus.de\/wp-content\/gallery\/programm2024-1\/Luigi.JPG\"\n               data-thumbnail=\"https:\/\/schweinfurter-weihnachtscircus.de\/wp-content\/gallery\/programm2024-1\/thumbs\/thumbs_Luigi.JPG\"\n               data-image-id=\"81\"\n               data-title=\"Luigi\"\n               data-description=\"\"\n               data-image-slug=\"luigi\"\n               class=\"ngg-fancybox\" rel=\"3d729f9b0131bb072c89f0ec6162cba7\">\n                <img\n                    title=\"Luigi\"\n                    alt=\"Luigi\"\n                    src=\"https:\/\/schweinfurter-weihnachtscircus.de\/wp-content\/gallery\/programm2024-1\/thumbs\/thumbs_Luigi.JPG\"\n                    width=\"160\"\n                    height=\"160\"\n                    style=\"max-width:100%;\"\n                \/>\n            <\/a>\n        <\/div>\n\t\t\t\t\t\t\t<\/div> \n\t\t\t\n        \n\t\t\t\t<div id=\"ngg-image-5\" class=\"ngg-gallery-thumbnail-box\" >\n\t\t\t\t        <div class=\"ngg-gallery-thumbnail\">\n            <a href=\"https:\/\/schweinfurter-weihnachtscircus.de\/wp-content\/gallery\/programm2024-1\/Olga.JPG\"\n               title=\"\"\n               data-src=\"https:\/\/schweinfurter-weihnachtscircus.de\/wp-content\/gallery\/programm2024-1\/Olga.JPG\"\n               data-thumbnail=\"https:\/\/schweinfurter-weihnachtscircus.de\/wp-content\/gallery\/programm2024-1\/thumbs\/thumbs_Olga.JPG\"\n               data-image-id=\"88\"\n               data-title=\"Olga\"\n               data-description=\"\"\n               data-image-slug=\"olga\"\n               class=\"ngg-fancybox\" rel=\"3d729f9b0131bb072c89f0ec6162cba7\">\n                <img\n                    title=\"Olga\"\n                    alt=\"Olga\"\n                    src=\"https:\/\/schweinfurter-weihnachtscircus.de\/wp-content\/gallery\/programm2024-1\/thumbs\/thumbs_Olga.JPG\"\n                    width=\"160\"\n                    height=\"160\"\n                    style=\"max-width:100%;\"\n                \/>\n            <\/a>\n        <\/div>\n\t\t\t\t\t\t\t<\/div> \n\t\t\t\n        \n\t\t\t\t<div id=\"ngg-image-6\" class=\"ngg-gallery-thumbnail-box\" >\n\t\t\t\t        <div class=\"ngg-gallery-thumbnail\">\n            <a href=\"https:\/\/schweinfurter-weihnachtscircus.de\/wp-content\/gallery\/programm2024-1\/Ballett.JPG\"\n               title=\"\"\n               data-src=\"https:\/\/schweinfurter-weihnachtscircus.de\/wp-content\/gallery\/programm2024-1\/Ballett.JPG\"\n               data-thumbnail=\"https:\/\/schweinfurter-weihnachtscircus.de\/wp-content\/gallery\/programm2024-1\/thumbs\/thumbs_Ballett.JPG\"\n               data-image-id=\"86\"\n               data-title=\"Ballett\"\n               data-description=\"\"\n               data-image-slug=\"ballett\"\n               class=\"ngg-fancybox\" rel=\"3d729f9b0131bb072c89f0ec6162cba7\">\n                <img\n                    title=\"Ballett\"\n                    alt=\"Ballett\"\n                    src=\"https:\/\/schweinfurter-weihnachtscircus.de\/wp-content\/gallery\/programm2024-1\/thumbs\/thumbs_Ballett.JPG\"\n                    width=\"160\"\n                    height=\"160\"\n                    style=\"max-width:100%;\"\n                \/>\n            <\/a>\n        <\/div>\n\t\t\t\t\t\t\t<\/div> \n\t\t\t\n        \n\t\t\t\t<div id=\"ngg-image-7\" class=\"ngg-gallery-thumbnail-box\" >\n\t\t\t\t        <div class=\"ngg-gallery-thumbnail\">\n            <a href=\"https:\/\/schweinfurter-weihnachtscircus.de\/wp-content\/gallery\/programm2024-1\/Nathalie-Frank.JPG\"\n               title=\"\"\n               data-src=\"https:\/\/schweinfurter-weihnachtscircus.de\/wp-content\/gallery\/programm2024-1\/Nathalie-Frank.JPG\"\n               data-thumbnail=\"https:\/\/schweinfurter-weihnachtscircus.de\/wp-content\/gallery\/programm2024-1\/thumbs\/thumbs_Nathalie-Frank.JPG\"\n               data-image-id=\"87\"\n               data-title=\"Nathalie-Frank\"\n               data-description=\"\"\n               data-image-slug=\"nathalie-frank\"\n               class=\"ngg-fancybox\" rel=\"3d729f9b0131bb072c89f0ec6162cba7\">\n                <img\n                    title=\"Nathalie-Frank\"\n                    alt=\"Nathalie-Frank\"\n                    src=\"https:\/\/schweinfurter-weihnachtscircus.de\/wp-content\/gallery\/programm2024-1\/thumbs\/thumbs_Nathalie-Frank.JPG\"\n                    width=\"160\"\n                    height=\"160\"\n                    style=\"max-width:100%;\"\n                \/>\n            <\/a>\n        <\/div>\n\t\t\t\t\t\t\t<\/div> \n\t\t\t\n        \n\t\t\n\t\t<!-- Pagination -->\n\t<div class='ngg-clear'><\/div>\t<\/div>\n\n<p style=\"text-align: center;\"><span style=\"color: #000000;\"><em>Programm\u00e4nderungen aus zwingenden Gr\u00fcnden vorbehalten.<\/em><\/span><\/p>\n\n\n<p><\/p>\n","protected":false},"excerpt":{"rendered":"<p>Erleben Sie unsere neue Show MAGIC MOMENTS! \u00dcber 20 Weltklasse-Artisten, vereint in einer spektakul\u00e4ren Show mit Live-Gesang und Showdancers. Programm\u00e4nderungen aus zwingenden Gr\u00fcnden vorbehalten.<\/p>\n","protected":false},"author":2,"featured_media":0,"parent":0,"menu_order":10,"comment_status":"closed","ping_status":"closed","template":"","meta":{"ngg_post_thumbnail":0},"_links":{"self":[{"href":"https:\/\/schweinfurter-weihnachtscircus.de\/index.php\/wp-json\/wp\/v2\/pages\/54"}],"collection":[{"href":"https:\/\/schweinfurter-weihnachtscircus.de\/index.php\/wp-json\/wp\/v2\/pages"}],"about":[{"href":"https:\/\/schweinfurter-weihnachtscircus.de\/index.php\/wp-json\/wp\/v2\/types\/page"}],"author":[{"embeddable":true,"href":"https:\/\/schweinfurter-weihnachtscircus.de\/index.php\/wp-json\/wp\/v2\/users\/2"}],"replies":[{"embeddable":true,"href":"https:\/\/schweinfurter-weihnachtscircus.de\/index.php\/wp-json\/wp\/v2\/comments?post=54"}],"version-history":[{"count":51,"href":"https:\/\/schweinfurter-weihnachtscircus.de\/index.php\/wp-json\/wp\/v2\/pages\/54\/revisions"}],"predecessor-version":[{"id":1015,"href":"https:\/\/schweinfurter-weihnachtscircus.de\/index.php\/wp-json\/wp\/v2\/pages\/54\/revisions\/1015"}],"wp:attachment":[{"href":"https:\/\/schweinfurter-weihnachtscircus.de\/index.php\/wp-json\/wp\/v2\/media?parent=54"}],"curies":[{"name":"wp","href":"https:\/\/api.w.org\/{rel}","templated":true}]}}