{"id":56,"date":"2019-02-22T12:30:15","date_gmt":"2019-02-22T11:30:15","guid":{"rendered":"http:\/\/circus-europa.de\/?page_id=56"},"modified":"2025-10-16T10:44:21","modified_gmt":"2025-10-16T08:44:21","slug":"tickets-infos","status":"publish","type":"page","link":"http:\/\/schweinfurter-weihnachtscircus.de\/index.php\/tickets-infos\/","title":{"rendered":"Tickets &#038; Infos"},"content":{"rendered":"<p style=\"text-align: center;\">\n\t\t<!-- MasterSlider -->\n\t\t<div id=\"P_MS69d782744e419\" class=\"master-slider-parent msl ms-parent-id-6\" style=\"max-width:1500px;\">\n\n\t\t\t\n\t\t\t<!-- MasterSlider Main -->\n\t\t\t<div id=\"MS69d782744e419\" class=\"master-slider ms-skin-default\" >\n\t\t\t\t \t\t\t\t \n\t\t\t\t<div  class=\"ms-slide\" data-delay=\"120\" data-fill-mode=\"fill\"  >\n\t\t\t\t\t<img src=\"http:\/\/schweinfurter-weihnachtscircus.de\/wp-content\/plugins\/master-slider\/public\/assets\/css\/blank.gif\" alt=\"\" title=\"\" data-src=\"http:\/\/schweinfurter-weihnachtscircus.de\/wp-content\/uploads\/2025\/11\/BannerWeb2025-1.jpg\" \/>\n\n\n\t<div class=\"ms-thumb\" ><div class=\"ms-tab-context\"><div class=&quot;ms-tab-context&quot;><\/div><\/div>\n<\/div>\n\t\t\t\t<\/div>\n\n\t\t\t<\/div>\n\t\t\t<!-- END MasterSlider Main -->\n\n\t\t\t \n\t\t<\/div>\n\t\t<!-- END MasterSlider -->\n\n\t\t<script>\n\t\t(function ( $ ) {\n\t\t\t\"use strict\";\n\n\t\t\t$(function () {\n\t\t\t\tvar masterslider_e419 = new MasterSlider();\n\n\t\t\t\t\/\/ slider controls\n\n\t\t\t\t\/\/ slider setup\n\t\t\t\tmasterslider_e419.setup(\"MS69d782744e419\", {\n\t\t\t\t\t\twidth           : 1500,\n\t\t\t\t\t\theight          : 400,\n\t\t\t\t\t\tminHeight       : 0,\n\t\t\t\t\t\tspace           : 0,\n\t\t\t\t\t\tstart           : 1,\n\t\t\t\t\t\tgrabCursor      : true,\n\t\t\t\t\t\tswipe           : true,\n\t\t\t\t\t\tmouse           : true,\n\t\t\t\t\t\tlayout          : \"boxed\",\n\t\t\t\t\t\twheel           : false,\n\t\t\t\t\t\tautoplay        : true,\n\t\t\t\t\t\tinstantStartLayers:false,\n\t\t\t\t\t\tloop            : true,\n\t\t\t\t\t\tshuffle         : false,\n\t\t\t\t\t\tpreload         : 0,\n\t\t\t\t\t\theightLimit     : true,\n\t\t\t\t\t\tautoHeight      : false,\n\t\t\t\t\t\tsmoothHeight    : true,\n\t\t\t\t\t\tendPause        : false,\n\t\t\t\t\t\toverPause       : false,\n\t\t\t\t\t\tfillMode        : \"fill\",\n\t\t\t\t\t\tcenterControls  : true,\n\t\t\t\t\t\tstartOnAppear   : false,\n\t\t\t\t\t\tlayersMode      : \"center\",\n\t\t\t\t\t\thideLayers      : false,\n\t\t\t\t\t\tfullscreenMargin: 0,\n\t\t\t\t\t\tspeed           : 30,\n\t\t\t\t\t\tdir             : \"h\",\n\t\t\t\t\t\tparallaxMode    : 'swipe',\n\t\t\t\t\t\tview            : \"fade\"\n\t\t\t\t});\n\n\t\t\t\t\n\t\t\t\twindow.masterslider_instances = window.masterslider_instances || [];\n\t\t\t\twindow.masterslider_instances.push( masterslider_e419 );\n\t\t\t });\n\n\t\t})(jQuery);\n\t\t<\/script>\n\n<\/p>\n<p style=\"text-align: center;\">&nbsp;<\/p>\n<h1 style=\"text-align: center;\"><span style=\"color: #333333;\">Sitzplan &amp; Eintrittspreise<\/span><\/h1>\n<h3 style=\"text-align: center;\"><span style=\"color: #000000;\">Tickets online kaufen auf<\/span> <a href=\"https:\/\/www.eventim-light.com\/de\/a\/5d6d2549fb84da000107e7c3\/\" target=\"_blank\" rel=\"noopener\"><strong><span style=\"color: #ff0000;\">EVENTIM.de<\/span><\/strong><\/a><\/h3>\n<p style=\"text-align: center;\">&nbsp;<\/p>\n<p style=\"text-align: center;\"><img loading=\"lazy\" class=\"aligncenter wp-image-918 size-large\" src=\"http:\/\/schweinfurter-weihnachtscircus.de\/wp-content\/uploads\/2024\/10\/sitzplanpreise2024-731x1024.jpg\" alt=\"\" width=\"710\" height=\"995\" srcset=\"http:\/\/schweinfurter-weihnachtscircus.de\/wp-content\/uploads\/2024\/10\/sitzplanpreise2024-731x1024.jpg 731w, http:\/\/schweinfurter-weihnachtscircus.de\/wp-content\/uploads\/2024\/10\/sitzplanpreise2024-214x300.jpg 214w, http:\/\/schweinfurter-weihnachtscircus.de\/wp-content\/uploads\/2024\/10\/sitzplanpreise2024-768x1075.jpg 768w, http:\/\/schweinfurter-weihnachtscircus.de\/wp-content\/uploads\/2024\/10\/sitzplanpreise2024.jpg 1000w\" sizes=\"(max-width: 710px) 100vw, 710px\" \/><\/p>\n<p style=\"text-align: center;\"><span style=\"color: #000000;\">Kinder unter 2 Jahren haben freien Eintritt, ohne Anspruch auf einen Sitzplatz.<\/span><\/p>\n<p style=\"text-align: center;\"><span style=\"color: #000000;\">Sch\u00fcler, Behinderte, Studenten und Rentner bezahlen gegen Vorlage eines g\u00fcltigen Ausweises den erm\u00e4\u00dfigten Preis.<\/span><\/p>\n<p style=\"text-align: center;\"><em><span style=\"color: #000000;\">Preise im Vorverkauf zzgl. Geb\u00fchren.<\/span><\/em><\/p>\n<p style=\"text-align: center;\">&nbsp;<\/p>\n<h4 style=\"text-align: center;\"><span style=\"color: #333333;\"><strong>Tickethotline<\/strong><\/span><\/h4>\n<p style=\"text-align: center;\"><strong><span style=\"color: #333333;\">0162&nbsp;\/&nbsp;938 76 45<\/span><\/strong><\/p>\n<p>&nbsp;<\/p>\n<h4 style=\"text-align: center;\"><span style=\"color: #333333;\"><strong>Vorverkauf<\/strong><\/span><\/h4>\n<h3 style=\"text-align: center;\"><span style=\"color: #000000;\">Online auf<\/span> <a href=\"https:\/\/www.eventim-light.com\/de\/a\/5d6d2549fb84da000107e7c3\/\" target=\"_blank\" rel=\"noopener\"><strong><span style=\"color: #ff0000;\">EVENTIM.de<\/span><\/strong><\/a><\/h3>\n<p style=\"text-align: center;\"><span style=\"color: #333333;\">Ab 19.12. t\u00e4glich von 11 \u2013 12 Uhr an den Circuskassen.<\/span><\/p>\n<p style=\"text-align: center;\">&nbsp;<\/p>\n<h4 style=\"text-align: center;\"><span style=\"color: #333333;\"><strong>Allgemeine Informationen<\/strong><\/span><\/h4>\n<p style=\"text-align: center;\"><span style=\"color: #333333;\">Einlass Vorzelt: 1 Stunde vor Beginn der Vorstellung<\/span><\/p>\n<p style=\"text-align: center;\"><span style=\"color: #333333;\">Einlass Hauptzelt: 30 Minuten vor Beginn der Vorstellung<\/span><\/p>\n<p style=\"text-align: center;\"><span style=\"color: #333333;\">Vorstellungsdauer: ca. 140 Minuten inkl. 20 Minuten Pause&nbsp;&nbsp;<\/span><\/p>\n<p style=\"text-align: center;\"><span style=\"color: #333333;\">Das Zelt ist angenehm temperiert.<\/span><\/p>\n","protected":false},"excerpt":{"rendered":"<p>&nbsp; Sitzplan &amp; Eintrittspreise Tickets online kaufen auf EVENTIM.de &nbsp; Kinder unter 2 Jahren haben freien Eintritt, ohne Anspruch auf einen Sitzplatz. Sch\u00fcler, Behinderte, Studenten und Rentner bezahlen gegen Vorlage eines g\u00fcltigen Ausweises den erm\u00e4\u00dfigten Preis. Preise im Vorverkauf zzgl.<a class=\"more-link\" href=\"http:\/\/schweinfurter-weihnachtscircus.de\/index.php\/tickets-infos\/\" title=\"Tickets &#038; Infos\"><span>Mehr lesen<\/span><\/a><\/p>\n","protected":false},"author":2,"featured_media":0,"parent":0,"menu_order":20,"comment_status":"closed","ping_status":"closed","template":"","meta":{"ngg_post_thumbnail":0},"_links":{"self":[{"href":"http:\/\/schweinfurter-weihnachtscircus.de\/index.php\/wp-json\/wp\/v2\/pages\/56"}],"collection":[{"href":"http:\/\/schweinfurter-weihnachtscircus.de\/index.php\/wp-json\/wp\/v2\/pages"}],"about":[{"href":"http:\/\/schweinfurter-weihnachtscircus.de\/index.php\/wp-json\/wp\/v2\/types\/page"}],"author":[{"embeddable":true,"href":"http:\/\/schweinfurter-weihnachtscircus.de\/index.php\/wp-json\/wp\/v2\/users\/2"}],"replies":[{"embeddable":true,"href":"http:\/\/schweinfurter-weihnachtscircus.de\/index.php\/wp-json\/wp\/v2\/comments?post=56"}],"version-history":[{"count":69,"href":"http:\/\/schweinfurter-weihnachtscircus.de\/index.php\/wp-json\/wp\/v2\/pages\/56\/revisions"}],"predecessor-version":[{"id":969,"href":"http:\/\/schweinfurter-weihnachtscircus.de\/index.php\/wp-json\/wp\/v2\/pages\/56\/revisions\/969"}],"wp:attachment":[{"href":"http:\/\/schweinfurter-weihnachtscircus.de\/index.php\/wp-json\/wp\/v2\/media?parent=56"}],"curies":[{"name":"wp","href":"https:\/\/api.w.org\/{rel}","templated":true}]}}